are the prime factors of 0 - -8 - 75732/(-12)?
71, 89
Suppose 5*p - 5*m - 28254 - 29711 = 0, 23156 = 2*p + 3*m. What are the prime factors of p?
11587
Suppose 4*p = 2*g - 1 - 3, -4*g - 16 = 4*p. What are the prime factors of p + 4/3 + (-40768)/(-42)?
2, 5, 97
Let s = -229 + 147. What are the prime factors of ((-24)/(-32) + s/(-4))*4?
5, 17
Let j(a) = -944*a - 112. Let l be j(-7). Suppose 101*d - l = 94*d. What are the prime factors of d?
2, 29
Suppose 10*z - 2*z - 544 = 0. Suppose -3*y - z = -5*l - 2*y, -3*y = 3*l - 48. Let h = 47 + l. List the prime factors of h.
61
Suppose 4*t + y - 14992 = 0, -4*t - 43*y + 39*y = -14968. What are the prime factors of t?
2, 3, 5
Let l(n) = -n**2 - 73*n - 131. Let t be l(-42). Suppose t + 208 = 7*p. List the prime factors of p.
197
Let f = -97 - -99. Suppose -168 = -f*x + 76. Suppose 2*c - 156 = x. What are the prime factors of c?
139
Suppose 13*l - 8*l - 11280 = 0. Suppose 3*s = -21*s + l. List the prime factors of s.
2, 47
Suppose 4*x + g = -1 - 5, -4*g - 3 = -5*x. List the prime factors of 3 - x - (-2 + -185).
191
Let w = 537 - 531. Suppose 8910 - 1308 = w*f. List the prime factors of f.
7, 181
Let p = 238 + -235. Suppose p*f + 433 = 4*h, 2*h = 4*h - 4*f - 214. List the prime factors of h.
109
Suppose 4*v = 2*o - 2026, 2*v = 5*o - 959 - 58. Let d = -368 - v. What are the prime factors of d?
2, 3, 23
Let p be 27/((-3)/6 + 6/3). Let d = p + -18. Suppose 2*u - 54 - 108 = d. What are the prime factors of u?
3
Let l = 28 - 23. Suppose -v + 5*v = l*y - 18, -20 = -5*y + 5*v. Suppose y*g + 66 = 220. List the prime factors of g.
7, 11
Suppose 5*o - 9 = -s + 90, -2*o = -4*s - 22. Suppose o*a = 26*a - 574. List the prime factors of a.
2, 41
Suppose 2*o - 3*c = 14835, -o = c - 5612 - 1803. What are the prime factors of o?
2, 3, 103
Let m be 1*35318/42 - (-82)/861. Let o = -453 + m. What are the prime factors of o?
2, 97
Let q(n) = -24*n**2 - n - 25. Let h(b) = -74*b**2 - 4*b - 74. Let l(s) = -6*h(s) + 17*q(s). List the prime factors of l(7).
2, 229
Let y(a) = -4*a**3 + 14*a**2 - 16*a + 18. Let h(z) = -3*z**3 + 13*z**2 - 16*z + 19. Let s(d) = -3*h(d) + 2*y(d). List the prime factors of s(11).
5, 31
Let l = 685 + -681. Suppose -2*z - 13*m = -12*m - 3224, l*m = 5*z - 8073. List the prime factors of z.
1613
Let x(k) = -2*k**3 + 78*k**2 - 10*k + 731. List the prime factors of x(34).
17, 19, 37
Let v(u) = -24*u - 1897. Let t be v(-83). Let k be (-1)/(-3) - (-483)/9. Let h = t - k. What are the prime factors of h?
41
Suppose 4*k - 2336 = 9340 + 75100. What are the prime factors of k?
2, 10847
Suppose -5*v - 5*n = -1930, n + 1542 = 4*v + 6*n. Suppose o = v + 162. What are the prime factors of (-1 + -1)*o/(-20)?
5, 11
Suppose -2*q + 24701 = -y - 17998, 0 = -4*q + y + 85403. List the prime factors of q.
2, 17, 157
Let m = 5755 - 5451. List the prime factors of m.
2, 19
Suppose 4*c - 771 = 5*o, 3*c + 580 = 6*c - 2*o. Suppose -c*q = -202*q + 6184. What are the prime factors of q?
773
Let g be (4 + (-52)/16)/((-12)/(-80)). Let h(r) = 59*r + 39. What are the prime factors of h(g)?
2, 167
Let s = 15333 - -16528. What are the prime factors of s?
151, 211
Let y be (-7)/(((-28)/8)/(3 - 6 - 4)). Suppose 24 = 3*q + c, 6*c = q + 2*c + 5. What are the prime factors of 132/(-10)*q/y*10?
2, 3, 11
Let a(o) = -o - 8. Let i be a(-9). Suppose 16 = 5*j + i. Suppose -1612 = -16*x + j*x. What are the prime factors of x?
2, 31
Let b = 8732 + 32218. What are the prime factors of b?
2, 3, 5, 7, 13
List the prime factors of (73/(-2) - -2)*(-67990)/65.
3, 23, 523
Let j = 226677 - 133806. What are the prime factors of j?
3, 17, 607
Let i(h) be the first derivative of -1/3*h**3 - 32*h - 7*h**2 - 6. List the prime factors of i(-7).
17
List the prime factors of (84/(-8))/((-57)/38950).
5, 7, 41
Let v = 302 - 249. Suppose 4*p - 2244 = w, 0 = 4*p - v*w + 56*w - 2244. List the prime factors of p.
3, 11, 17
Suppose -5*q + 4*n = -35288, -35282 = -2*q - 3*q + n. Suppose -21*l = -0*l - q. List the prime factors of l.
2, 3, 7
Suppose -91180 = -4*x - 2*g, x + 2*g - 15848 = 6950. List the prime factors of x.
2, 3, 29, 131
Suppose 28*n + 13978 = 29*n - 5*k, n + 3*k - 13994 = 0. What are the prime factors of n?
2, 13, 269
Let d(z) = 4*z**3 - 553*z**2 + 180*z**2 + 178*z**2 - 3*z**3 - 65 + 20*z + 185*z**2. What are the prime factors of d(10)?
3, 5
Suppose -11246 = -2*y - 2*l - 2756, 0 = -y - 5*l + 4245. List the prime factors of y.
3, 5, 283
Suppose -5*s = 3*i + 31 + 1, 0 = -4*s - i - 20. What are the prime factors of ((-2)/s)/((-1553)/(-194) - 8)?
97
Let z(q) = -q**3 - 22*q**2 + 44*q + 35. What are the prime factors of z(-30)?
5, 7, 13
Let v(y) = 26 - 3*y**2 + 3*y**2 - 5 + 4*y + y**2. Let i be v(-11). List the prime factors of (i/21 + 2)*3*5.
2, 5
List the prime factors of (-2)/(-6) - 43528/72*-3.
2, 907
List the prime factors of (-9275350)/(-525)*(-3)/12*-6.
26501
Suppose 1948*v - 1967*v + 24489 + 29547 = 0. What are the prime factors of v?
2, 3, 79
Suppose -5*l - 3*r + 35017 = 0, -5*l = -2*r - 5867 - 29130. What are the prime factors of l?
7001
Let k = -8063 + 12011. List the prime factors of k.
2, 3, 7, 47
Let f = -10 + 7. Let b(y) = -8*y + 4. Let z be b(f). Let s = z - 15. List the prime factors of s.
13
Suppose 71*o + 8039 = t + 68*o, 4*o = 4*t - 32156. List the prime factors of t.
8039
Let x(t) be the first derivative of -3*t**4/4 + 4*t**3/3 + 8*t**2 + 88*t + 146. What are the prime factors of x(-5)?
3, 7, 23
Let f = -4823 + 9510. What are the prime factors of f?
43, 109
List the prime factors of 2/(-42)*7 - (-251165)/15.
2, 7, 13, 23
Suppose 3*f - 3*p + 5*p + 958 = 0, 4*f + 1304 = 4*p. Let g = 470 + f. What are the prime factors of g?
2, 37
Let y = -25 + 42. Suppose -5*c + 60 = 5*b, 2*c - y = 4*b + b. What are the prime factors of (-1 - (-94)/(-6))*(c + -14)?
2, 5
Suppose -4*w - 44*w + 1648512 = 0. What are the prime factors of w?
2, 3, 53
Suppose 36520 = 17*p - 12287. What are the prime factors of p?
3, 11, 29
Let k(t) = t**2 - 5*t + 5. Let g be k(5). Let z(n) = -13*n - 4. Let u be z(g). Let j = u + 175. What are the prime factors of j?
2, 53
Suppose 0 = -2*m + x + 21323, 3*x - x = -14. What are the prime factors of m?
2, 73
What are the prime factors of -5*14488/480*-12?
1811
Suppose 443 = y - 5*w, 4*y + 0*w - 1684 = -2*w. Let a = y - 39. Suppose -4*h + a = -12. List the prime factors of h.
3, 11
Suppose 0 = 3*f - 5*l - 18570, 3*f = l - 0*l + 18582. What are the prime factors of f?
3, 5, 7, 59
Suppose 3*a + 128 = -106. Let u = 322 - a. List the prime factors of u.
2, 5
Suppose k - 2*l - 28424 = 0, -5*l + 56848 = -6*k + 8*k. What are the prime factors of k?
2, 11, 17, 19
Let n be 93/19 + 2/19. Suppose 9 + 16 = 5*m, l + n*m - 29 = 0. Suppose 3*d + 61 = l*g, 3*g - 5*d = 8 + 46. List the prime factors of g.
13
Suppose j = 6*i - 7*i + 1759, i - 1759 = 2*j. List the prime factors of i.
1759
Let s(t) = 522 - 331 + 10*t - 306*t. What are the prime factors of s(-3)?
13, 83
Let m(o) = 5*o**3 - 2*o**2 + 6*o - 1180. Let c(l) = -l**3 + l**2 - l. Let f(b) = -4*c(b) - m(b). What are the prime factors of f(0)?
2, 5, 59
Let j = 300 - 298. Suppose 425 = -5*b + 6*b + u, 0 = b + j*u - 423. List the prime factors of b.
7, 61
Let i(j) = -j**3 - 16*j**2 - 17*j + 30. Let t(c) = 3*c - 4. Suppose -w + y = 1, -4*w - 11 = -2*y - 1. Let p be t(w). List the prime factors of i(p).
2, 151
Suppose 4*x - l + 177 = 0, 6*x + 225 = x + 2*l. Let j = x - -47. Suppose a = -j*y + 28, -a + 3*y + 62 = 20. What are the prime factors of a?
2, 3
Suppose -2*b - 2 = -6. Suppose n + b - 1 = 3*d, 3*d = -n + 5. Suppose 6 = 2*o + n. List the prime factors of o.
2
Let r(a) = -a**2 - 6*a + 42012. What are the prime factors of r(0)?
2, 3, 389
Suppose -4*c + 37 - 541 = 0. Let d = c + 109. Let x(p) = 2*p**2 + 22*p - 12. What are the prime factors of x(d)?
2, 3
Let w(i) = -265*i**3 + 11*i**2 + 55*i + 12. What are the prime factors of w(-5)?
13, 2549
Let n = 14445 + -6031. List the prime factors of n.
2, 7, 601
Suppose -5365 - 4571 = -3*x. List the prime factors of x.
2, 3, 23
Let g(m) = 57*m - 964. What are the prime factors of g(79)?
3539
Let h(i) = -12*i**3 - 3*i**2 - 5*i + 6. Let z be h(4). Let b = z - -1551. What are the prime factors of b?
7, 103
Let x(d) = d**3 + 61*d**2 + 155*d - 72. List the prime factors